 Let c = -6 - u. Let n(s) = 2*s + 6. What is n(c)?
-2
Let n be (-45)/21 + (-2)/(-14). Let j = 5 + -2. Let u(c) = -j + 2 - c + 0. Determine u(n).
1
Let m(x) = 3*x - 2*x + 4*x**3 - 2*x**2 - 3*x**2. Let v(k) = -5*k**3 + 6*k**2 - 2*k - 1. Let o(c) = -4*m(c) - 3*v(c). Calculate o(3).
0
Let z(v) = -v**2 - 5*v + 3. Let c(t) = -4*t**2 - 20*t + 12. Let m(s) = 2*c(s) - 9*z(s). Determine m(-5).
-3
Let v be (-3)/12 + 162/8. Suppose -5*g + v = -b, -4*b + 8*b = -4*g + 40. Let z(j) = -j + 4. Calculate z(b).
-1
Let l(z) = -z**2 + 15*z + 33. Let g be l(17). Let u(q) = -q + 1. Calculate u(g).
2
Let n(v) be the second derivative of -v**3/6 - v**2/2 + 2*v. Suppose -5*k = 2*s + s, 0 = -3*s + 3*k - 24. Give n(s).
4
Let v(n) = 3*n**2 - 3*n. Let i(g) = -g**2 - 3*g + 2. Let m be i(-3). Let t be v(m). Suppose -t*o = -2*o + 4. Let x(h) = -3*h - 1. What is x(o)?
2
Let b be 1/(-4) + 21/4. Let g(a) be the third derivative of -a**4/24 + a**3/3 - a**2. Determine g(b).
-3
Let t(a) be the third derivative of 2*a**5/15 - a**4/24 - 3*a**2. Calculate t(1).
7
Suppose 2*q + 2*w - 3 = 3*q, 3*w - 2 = 2*q. Let t(x) = -q*x + 1 + 4*x - 4 + 3*x. Give t(3).
3
Let l(j) = j**3 - j + 4. Let m be (2 - -4)*(-2)/(-4). Suppose -r + m*w = 7*w + 11, 0 = r - w - 14. Suppose -3*p + r = 0, 6*c - c = 4*p - 12. Calculate l(c).
4
Let n(t) = -t - 1. Let j(z) = -24*z - 20. Let b(s) = -2*j(s) + 44*n(s). Let c(l) = 3*l - 3. Let w(m) = 2*b(m) - 3*c(m). What is w(-4)?
5
Let f(q) = -q + 2. Let c be f(5). Let a(w) = -4*w - 2. Give a(c).
10
Suppose -w + i = -2*i + 14, 23 = -2*w + 5*i. Let p(j) = -2*j**3 - 2*j**2 + j. Calculate p(w).
-3
Let u(o) be the third derivative of o**4/24 - o**3/3 + 2*o**2. Give u(3).
1
Let i(q) = 2*q - 5. Suppose -7*p + 21 = -7. Give i(p).
3
Suppose -2*z = 4*x + 2*z - 28, -3*x = -2*z - 6. Let s(p) = p - 1. Give s(x).
3
Let h(f) = 3*f + f - 5 - 1 + f**2 + 2*f. Give h(-6).
-6
Let r = 81 - 83. Let y(u) = -u - 2. Determine y(r).
0
Let o(s) be the third derivative of -s**6/120 + s**5/12 + s**4/3 - s**3/2 + 11*s**2. What is o(6)?
9
Let g(s) = -s + 6*s**2 - s**3 + 5*s - 3*s**2 + s. Calculate g(4).
4
Suppose -3*m - 4 = 4*i, 5*i = -0*m - 2*m + 2. Let s(j) = -j**2 - j - j**3 - 2*j**2 - 2*j**2 + 4. Give s(m).
-8
Suppose 0 = -7*k + 2*k. Let m = k - -5. Let n(z) be the second derivative of z**3/6 - 4*z**2 - 15*z. Calculate n(m).
-3
Let f(o) = -o + 1. Let z be f(7). Let l(p) be the third derivative of p**5/60 + p**4/4 - p**3 + 4*p**2. What is l(z)?
-6
Suppose r = -1 + 4. Let x be r/(-2)*(-2)/1. Let d(k) be the first derivative of -k**2 + k + 2. What is d(x)?
-5
Let s(c) = c**3 - 3*c**2 - 3*c + 5. Let f be s(4). Let d(w) = 7*w**2 - 4 + 1 - f*w**2 + w + 4*w. Calculate d(3).
-6
Let b(s) = 4*s - 3. Let d be b(2). Suppose -4*t = -d*j + 3 - 19, -5*t = -4*j - 20. Let f(v) = v**3 + v**2 + 11. Calculate f(j).
11
Let z be (16/3 + -6)/((-8)/2). Let n(s) be the second derivative of -4*s + 5/2*s**2 + z*s**3 + 0. Determine n(0).
5
Let v(d) = -d**2 + 5*d + 1. Let z(o) = -o**2 + 6*o - 7. Let n be z(6). Let g = n + 13. Suppose b + 1 = g. Calculate v(b).
1
Let i(k) = 23*k - 33*k + 9*k**2 + 2 - k**3 - 5. Calculate i(7).
25
Let g(v) = v**3 + 2*v**2 - 2*v. Suppose -9*q = 9*q + 36. Calculate g(q).
4
Let l(q) = 2*q**2 - 6*q - 3. Let o(t) = t**2 - 3*t - 1. Let r(y) = -4*l(y) + 9*o(y). Let g = 2 - -1. Calculate r(g).
3
Let o(h) be the first derivative of 5*h - 3/2*h**2 + 4/3*h**3 + 1 - 1/4*h**4. Let i = -5 + 9. What is o(i)?
-7
Let u(k) be the first derivative of -k**3/3 - 3*k**2/2 + 2*k - 14. Let t(f) = 0*f + 3*f - 4*f + 1. Let w be t(5). Determine u(w).
-2
Let x(a) = a**3 - a + 7*a**2 + 9*a**2 - 14*a**2 - 3. Give x(-3).
-9
Let t = 114 + -74. Let o be 28/(-10) + (-8)/t. Let k(a) = -a**3 - 4*a**2 - 2*a - 1. Give k(o).
-4
Suppose 39 = -0*f + 3*f. Suppose f = -4*s + 5. Let b(m) = -m + 1. Let n(y) = -3*y + 6. Let z(g) = s*b(g) + n(g). Determine z(-3).
7
Let j(t) be the first derivative of -t**4/4 + 2*t**3 + 4*t**2 - 7*t - 18. What is j(7)?
0
Let g(y) = y**3 + 3*y**2 - 4*y - 3. Let b(s) = -s**2 - s - 8. Let v be b(0). Let q be (-3)/(-2)*v/3. Give g(q).
-3
Suppose 5*i - 2 = 3*i. Let r = -3 + i. Let b(j) = 3*j**2 + 4*j - 1. Let v(a) = -5*a**2 - 7*a + 2. Let h(t) = 7*b(t) + 4*v(t). Calculate h(r).
5
Suppose -2*d = 2*d + 20, d = -4*v - 1. Let b be (-1 - v)*30/(-12). Let c(p) = p**3 - 5*p**2 - 4. What is c(b)?
-4
Let w(u) = -u**2 + 3*u + 2. Suppose -4*d = -81 + 61. Determine w(d).
-8
Let q = -2 + -7. Let c(h) = -h**3 - 10*h**2 - 9*h - 6. Let y be c(q). Let l(o) = -o - 12. Determine l(y).
-6
Let y(g) = g**3 - 7*g**2 - 13*g**2 + 16*g**2 - 1. Determine y(4).
-1
Let a(z) = -5*z**3 + 2*z**3 + 2*z**3. Suppose -t - 58 = -5*v + 3*t, 5*v + 5*t - 85 = 0. Let p be 9/(-7) + 4/v. Determine a(p).
1
Let x(h) be the first derivative of -h**3/3 - 5*h**2/2 + 4*h + 9. What is x(-5)?
4
Let w(t) = -t + 9. Let h(n) = 9. Let j(g) = -2*h(g) + 3*w(g). Let p be j(6). Let a be -2 + p*2/(-3). Let l(x) = x**3 - 4*x**2 + 2*x - 4. Determine l(a).
4
Let i(y) = -y**2 - 4*y - 4. Let r(d) = 2*d**2 - 20*d + 15. Let v be r(9). Calculate i(v).
-1
Suppose 3*m + o - 10 = -o, 4*m - 14 = -3*o. Let b(p) be the second derivative of 1/6*p**3 - 1/6*p**4 + 1/2*p**2 - 2*p + 0. What is b(m)?
-5
Let k(g) be the third derivative of g**4/24 - 5*g**3/3 - 3*g**2. Give k(6).
-4
Suppose -4*h = -3*l - 5, 4*l + 3*h = -l + 40. Let z(a) = -5 + 0*a + a + 1. What is z(l)?
1
Let x(m) = m**2 + 3*m - 1. Let p(r) = r**3 - 5*r**2 - 8*r + 8. Suppose 4*t + 2*n = 6*n - 20, 5*t + n = -7. Let l = 4 - t. Let o be p(l). Calculate x(o).
3
Let i(m) = m**3 - 6*m**2 + 5*m + 4. Suppose 0*f + 51 = z - 3*f, 0 = -4*z + f + 193. Let d = -27 + z. Suppose v + 5*b = -d, -10 = 2*v + 3*b - 3. Determine i(v).
-8
Let n(p) = p**2 - 7*p - 12. Let c be n(9). Suppose -b + c = b. Let a(y) = -2*y + 4*y - b*y. What is a(2)?
-2
Suppose -2*y + 2*a = -4, -2*a - 8 = -4*y - 6*a. Let x = y - -2. Let c(s) = 2 + x*s**2 + s**3 + 0 + 5*s + 0*s. Calculate c(-3).
-4
Suppose 2 = 3*g - u - u, -3*g + 14 = 4*u. Let v(s) = -g*s - 2*s**2 + 8 - 4 - s. Give v(-3).
-5
Let k(f) = -f - 4 + 4 - f**2 - 2. Let c be (2/4*0)/4. Calculate k(c).
-2
Let s(b) be the first derivative of -b**4/6 - b**2/2 - 2*b + 3. Let t(j) be the first derivative of s(j). Calculate t(-2).
-9
Let o = 52/3 - 415/24. Let l(x) be the third derivative of -1/6*x**3 + o*x**4 + 0 - 4*x**2 + 0*x. Give l(6).
5
Let f(t) = 5*t**3 - 4*t**2 - 3*t + 1. Let i(a) = -4*a**3 + 3*a**2 + 2*a - 1. Let b(j) = 5*f(j) + 6*i(j). Give b(-2).
-11
Suppose -12 = 2*p + 2. Let n(h) = h**3 + 8*h**2 + 6*h - 1. Give n(p).
6
Let h(u) = -6*u**2 + u - 2. Let k(l) = -l**2. Let w(d) = -h(d) + 4*k(d). Suppose 4*i - 34 = -13*i. Determine w(i).
8
Let a(u) = u**3 - 7*u**2 + 4. Suppose 7 = -14*o + 15*o. Calculate a(o).
4
Let l(x) = -8*x + 1. Let m = -14 - -11. Let k(w) = 7*w - 1. Let z(j) = m*k(j) - 4*l(j). What is z(1)?
10
Suppose 5*y + 8*v = 4*v - 8, 4*y + 25 = 3*v. Let r(k) = 2*k + 4. What is r(y)?
-4
Let v(w) = 103*w - 33*w + w**2 - 37*w + 4 - 25*w. What is v(-7)?
-3
Suppose 0 = -3*u - 6, u + 3 = 4*z + 13. Let x(q) = -3*q + 4. Calculate x(z).
13
Let t(v) be the second derivative of -5/24*v**4 - 3*v + 1/120*v**6 - 1/15*v**5 - 3/2*v**2 + 0 + v**3. Let z(k) be the first derivative of t(k). Give z(5).
6
Let w(h) = -h**2. Let t(x) = -4*x**2 + 7*x. Let u(g) = -2*g - 15. Let r be u(-10). Let j(v) = r*w(v) - t(v). Calculate j(-7).
0
Suppose 6*k = k + 25. Let z be (k/(-4))/(1/4). Let o(n) = -1 - n**3 + n**2 + 3 - 7*n - 5*n**2 + 12*n. Determine o(z).
2
Let m(s) be the third derivative of s**6/120 + s**5/15 - s**4/8 - s**3/2 - 19*s**2. Calculate m(-2).
11
Let r(o) = -o**3 - 3*o**2 - 2*o + 1. Suppose 75 = -2*w - 13. Let b = -30 - w. Let p be (-3)/15 - b/5. Calculate r(p).
7
Suppose 0 = 5*h + x + 15 + 5, 0 = 3*h + 4*x + 12. Let b(k) = -k**2 - 4*k + 1. Give b(h).
1
Suppose 2*w - 28 = -2*w. Let o(g) = -g + 5. Let b be o(w). Let f(i) = -2*i**2 - i + 1. Determine f(b).
-5
Let v(u) be the third derivative of -u**5/60 + u**4/6 - u**3/6 + 6*u**2. Let t = 12 + -4. Let a = 12 - t. Calculate v(a).
-1
Let z(o) = 2*o**2 + 5*o + 2. Let p be (1*24/4)/(-2). Calculate z(p).
5
Let c(s) = 4 + 7 - 13 + 3 - s. What is c(6)?
-5
Let u(n) = -16*n + 16. Let f(l) = -3*l + 3. Let y(j) = 11*f(j) - 2*u(j). What is y(6)?
-5
Suppose 5*c - t + 6 = -4, -2*t 